{"id":77,"date":"2017-02-20T12:12:04","date_gmt":"2017-02-20T15:12:04","guid":{"rendered":"http:\/\/www.policiacivil.ma.gov.br\/labld\/?page_id=77"},"modified":"2017-06-28T16:02:57","modified_gmt":"2017-06-28T19:02:57","slug":"pagina-inicial","status":"publish","type":"page","link":"https:\/\/www.policiacivil.ma.gov.br\/labld\/","title":{"rendered":"P\u00e1gina Inicial"},"content":{"rendered":"<p>[vc_row][vc_column]\t\t\t<div class=\" bs-listing\n\t\t\tbs-listing-modern-grid-listing-1 bs-listing-single-tab\">\n\t\t\t\t<div\n\t\tclass=\"listing listing-modern-grid listing-modern-grid-1 clearfix slider-overlay-simple-gr\">\n\t\t<div class=\"mg-col mg-col-1\">\n\t\t\t\t<article class=\"post-1295 type-post format-standard has-post-thumbnail listing-item-1 listing-item listing-mg-item listing-mg-type-1 listing-mg-1-item main-term-1\">\n\t\t<div class=\"item-content\">\n\t\t\t<a class=\"img-cont\" href=\"https:\/\/www.policiacivil.ma.gov.br\/labld\/nova-versao-do-sittel-ja-esta-em-operacao\/\" title=\"Nova vers\u00e3o do SITTEL j\u00e1 est\u00e1 em opera\u00e7\u00e3o\"\n\t\t\t   style=\"background-image: url('https:\/\/www.policiacivil.ma.gov.br\/labld\/wp-content\/uploads\/2022\/06\/LOGO-CIPC-PCMA.jpeg')\"><\/a>\n\t\t\t\t\t\t<div class=\"content-container\">\n\t\t\t\t<h2 class=\"title\">\n\t\t\t\t\t<a href=\"https:\/\/www.policiacivil.ma.gov.br\/labld\/nova-versao-do-sittel-ja-esta-em-operacao\/\" class=\"post-url post-title\">\n\t\t\t\t\t\tNova vers\u00e3o do SITTEL j\u00e1 est\u00e1 em opera\u00e7\u00e3o\t\t\t\t\t<\/a>\n\t\t\t\t<\/h2>\n\t\t\t\t<div class=\"post-meta\">\n\n\t\t\t<a href=\"https:\/\/www.policiacivil.ma.gov.br\/labld\/author\/natanael-silva\/\"\n\t\t   title=\"Browse Author Articles\"\n\t\t   class=\"post-author-a\">\n\t\t\t<i class=\"post-author author\">\n\t\t\t\tNatanael Nascimento da Silva\t\t\t<\/i>\n\t\t<\/a>\n\t\t\t<span class=\"time\"><time class=\"post-published updated\" datetime=\"2022-06-24T14:25:35-03:00\" title=\"sexta-feira, junho 24, 2022, 2:25 pm\">jun 24, 2022<\/time><\/span>\n\t\t<\/div>\n\t\t\t<\/div>\n\t\t<\/div>\n\t<\/article>\n\t\t<\/div>\n\t\t<div class=\"mg-col mg-col-2\">\n\t\t\t<div class=\"mg-row mg-row-1\">\n\t\t\t\t\t<article class=\"post-1289 type-post format-standard has-post-thumbnail listing-item-2 listing-item listing-mg-item listing-mg-type-1 listing-mg-1-item main-term-1\">\n\t\t<div class=\"item-content\">\n\t\t\t<a class=\"img-cont\" href=\"https:\/\/www.policiacivil.ma.gov.br\/labld\/formulario-online-de-abertura-de-casos-perante-o-lab-ld-agora-esta-disponivel-apenas-para-usuario-titular-de-conta-de-e-mail-institucional\/\" title=\"FORMUL\u00c1RIO ONLINE DE ABERTURA DE CASOS PERANTE O LAB-LD AGORA EST\u00c1 DISPON\u00cdVEL APENAS PARA USU\u00c1RIO TITULAR DE CONTA DE E-MAIL INSTITUCIONAL\"\n\t\t\t   style=\"background-image: url('https:\/\/www.policiacivil.ma.gov.br\/labld\/wp-content\/uploads\/2018\/11\/labsite02.png')\"><\/a>\n\t\t\t\t\t\t<div class=\"content-container\">\n\t\t\t\t<h2 class=\"title\">\n\t\t\t\t\t<a href=\"https:\/\/www.policiacivil.ma.gov.br\/labld\/formulario-online-de-abertura-de-casos-perante-o-lab-ld-agora-esta-disponivel-apenas-para-usuario-titular-de-conta-de-e-mail-institucional\/\" class=\"post-url post-title\">\n\t\t\t\t\t\tFORMUL\u00c1RIO ONLINE DE ABERTURA DE CASOS PERANTE O LAB-LD AGORA EST\u00c1 DISPON\u00cdVEL APENAS PARA&hellip;\t\t\t\t\t<\/a>\n\t\t\t\t<\/h2>\n\t\t\t\t<div class=\"post-meta\">\n\n\t\t\t<a href=\"https:\/\/www.policiacivil.ma.gov.br\/labld\/author\/natanael-silva\/\"\n\t\t   title=\"Browse Author Articles\"\n\t\t   class=\"post-author-a\">\n\t\t\t<i class=\"post-author author\">\n\t\t\t\tNatanael Nascimento da Silva\t\t\t<\/i>\n\t\t<\/a>\n\t\t\t<span class=\"time\"><time class=\"post-published updated\" datetime=\"2021-06-16T14:15:05-03:00\" title=\"quarta-feira, junho 16, 2021, 2:15 pm\">jun 16, 2021<\/time><\/span>\n\t\t<\/div>\n\t\t\t<\/div>\n\t\t<\/div>\n\t<\/article>\n\t\t\t<\/div>\n\t\t\t<div class=\"mg-row mg-row-2\">\n\t\t\t\t<div class=\"item-3-cont\">\n\t\t\t\t\t\t<article class=\"post-1282 type-post format-standard has-post-thumbnail listing-item-3 listing-item listing-mg-item listing-mg-type-1 listing-mg-1-item main-term-1\">\n\t\t<div class=\"item-content\">\n\t\t\t<a class=\"img-cont\" href=\"https:\/\/www.policiacivil.ma.gov.br\/labld\/ministro-rejeita-hc-de-acusado-de-participar-de-desvio-de-quase-r-13-milhoes-de-contas-do-nubank\/\" title=\"Ministro rejeita HC de acusado de participar de desvio de quase R$ 13 milh\u00f5es de contas do Nubank\"\n\t\t\t   style=\"background-image: url('https:\/\/www.policiacivil.ma.gov.br\/labld\/wp-content\/uploads\/2021\/06\/IMAGEM-PARA-POSTAGEM-DO-SITE-279x220.jpeg')\"><\/a>\n\t\t\t\t\t\t<div class=\"content-container\">\n\t\t\t\t<h2 class=\"title\">\n\t\t\t\t\t<a href=\"https:\/\/www.policiacivil.ma.gov.br\/labld\/ministro-rejeita-hc-de-acusado-de-participar-de-desvio-de-quase-r-13-milhoes-de-contas-do-nubank\/\" class=\"post-url post-title\">\n\t\t\t\t\t\tMinistro rejeita HC de acusado de participar de desvio de quase R$ 13&hellip;\t\t\t\t\t<\/a>\n\t\t\t\t<\/h2>\n\t\t\t\t\t\t\t<\/div>\n\t\t<\/div>\n\t<\/article>\n\t\t\t\t<\/div>\n\t\t\t\t<div class=\"item-4-cont\">\n\t\t\t\t\t\t<article class=\"post-1227 type-post format-standard has-post-thumbnail listing-item-4 listing-item listing-mg-item listing-mg-type-1 listing-mg-1-item main-term-1\">\n\t\t<div class=\"item-content\">\n\t\t\t<a class=\"img-cont\" href=\"https:\/\/www.policiacivil.ma.gov.br\/labld\/operacao-ostentacao-policia-civil-do-maranhao-deflagra-operacao-voltada-ao-combate-a-cybercrimes-e-a-lavagem-de-dinheiro-em-16-cidades-de-3-estados\/\" title=\"OPERA\u00c7\u00c3O OSTENTA\u00c7\u00c3O: POL\u00cdCIA CIVIL DO MARANH\u00c3O DEFLAGRA OPERA\u00c7\u00c3O VOLTADA AO COMBATE A CYBERCRIMES E \u00c0 LAVAGEM DE DINHEIRO EM 16 CIDADES DE 3 ESTADOS\"\n\t\t\t   style=\"background-image: url('https:\/\/www.policiacivil.ma.gov.br\/labld\/wp-content\/uploads\/2020\/12\/OPERACAO-OSTENTACAO-II-279x220.jpeg')\"><\/a>\n\t\t\t\t\t\t<div class=\"content-container\">\n\t\t\t\t<h2 class=\"title\">\n\t\t\t\t\t<a href=\"https:\/\/www.policiacivil.ma.gov.br\/labld\/operacao-ostentacao-policia-civil-do-maranhao-deflagra-operacao-voltada-ao-combate-a-cybercrimes-e-a-lavagem-de-dinheiro-em-16-cidades-de-3-estados\/\" class=\"post-url post-title\">\n\t\t\t\t\t\tOPERA\u00c7\u00c3O OSTENTA\u00c7\u00c3O: POL\u00cdCIA CIVIL DO MARANH\u00c3O DEFLAGRA OPERA\u00c7\u00c3O&hellip;\t\t\t\t\t<\/a>\n\t\t\t\t<\/h2>\n\t\t\t\t\t\t\t<\/div>\n\t\t<\/div>\n\t<\/article>\n\t\t\t\t<\/div>\n\t\t\t<\/div>\n\t\t<\/div>\n\t<\/div>\n\t\t\t<\/div>\n\t\t\t[\/vc_column][\/vc_row][vc_row][vc_column width=&#8221;2\/3&#8243;][rev_slider_vc alias=&#8221;ads-ssp&#8221;]\t\t\t<div class=\"pagination-animate  bs-listing\n\t\t\tbs-listing-listing-grid-1 bs-listing-single-tab\">\n\t\t\t\t\t\t<h3 class=\"section-heading main-term-1\">\n\n\t\t\t\t\n\t\t\t\t\t\t\t\t\t\t\t<a href=\"https:\/\/www.policiacivil.ma.gov.br\/labld\/category\/noticias\/\" class=\"main-link\">\n\t\t\t\t\t\t\t<span\n\t\t\t\t\t\t\t\tclass=\"h-text main-term-1\"><i class=\"bf-icon  fa fa-rss-square\"><\/i> \u00daltimas Not\u00edcias<\/span>\n\t\t\t\t\t\t<\/a>\n\t\t\t\t\t\n\t\t\t\t\n\t\t\t<\/h3>\n\t\t\t\t\t<div class=\"bs-pagination-wrapper main-term-1 more_btn bs-slider-first-item\">\n\t\t\t<div class=\"listing listing-grid listing-grid-1 clearfix columns-2\">\n\t\t<article class=\"post-1295 type-post format-standard has-post-thumbnail  listing-item listing-item-grid listing-item-grid-1 main-term-1\">\n\n\t\t\t\t\t<div class=\"featured clearfix\">\n\t\t\t\t<div class=\"term-badges floated\"><span class=\"term-badge term-1\"><a href=\"https:\/\/www.policiacivil.ma.gov.br\/labld\/category\/noticias\/\">Not\u00edcias<\/a><\/span><\/div>\t\t\t\t<a class=\"img-holder\" href=\"https:\/\/www.policiacivil.ma.gov.br\/labld\/nova-versao-do-sittel-ja-esta-em-operacao\/\" title=\"Nova vers\u00e3o do SITTEL j\u00e1 est\u00e1 em opera\u00e7\u00e3o\"\n\t\t\t\t   style=\"background-image: url(https:\/\/www.policiacivil.ma.gov.br\/labld\/wp-content\/uploads\/2022\/06\/LOGO-CIPC-PCMA.jpeg);\"><\/a>\n\t\t\t\t\t\t\t<\/div>\n\t\t\n\t\t<h2 class=\"title\">\n\t\t\t<a href=\"https:\/\/www.policiacivil.ma.gov.br\/labld\/nova-versao-do-sittel-ja-esta-em-operacao\/\" class=\"post-title post-url\">\n\t\t\t\tNova vers\u00e3o do SITTEL j\u00e1 est\u00e1 em opera\u00e7\u00e3o\t\t\t<\/a>\n\t\t<\/h2>\n\t\t<div class=\"post-meta\">\n\n\t\t\t<a href=\"https:\/\/www.policiacivil.ma.gov.br\/labld\/author\/natanael-silva\/\"\n\t\t   title=\"Browse Author Articles\"\n\t\t   class=\"post-author-a\">\n\t\t\t<i class=\"post-author author\">\n\t\t\t\tNatanael Nascimento da Silva\t\t\t<\/i>\n\t\t<\/a>\n\t\t\t<span class=\"time\"><time class=\"post-published updated\" datetime=\"2022-06-24T14:25:35-03:00\" title=\"sexta-feira, junho 24, 2022, 2:25 pm\">jun 24, 2022<\/time><\/span>\n\t\t<\/div>\n\t\t\t<div class=\"post-summary\">\n\t\t\t\t<!-- wp:paragraph -->Entrou em opera\u00e7\u00e3o a vers\u00e3o 2.0 do Sistema de Investiga\u00e7\u00e3o de Registros Telef\u00f4nicos e Telem\u00e1ticos \u2013 SITTEL, sendo<\/!-->&hellip;\t\t\t<\/div>\n\t\t\t<\/article>\n\t<article class=\"post-1289 type-post format-standard has-post-thumbnail  listing-item listing-item-grid listing-item-grid-1 main-term-1\">\n\n\t\t\t\t\t<div class=\"featured clearfix\">\n\t\t\t\t<div class=\"term-badges floated\"><span class=\"term-badge term-1\"><a href=\"https:\/\/www.policiacivil.ma.gov.br\/labld\/category\/noticias\/\">Not\u00edcias<\/a><\/span><\/div>\t\t\t\t<a class=\"img-holder\" href=\"https:\/\/www.policiacivil.ma.gov.br\/labld\/formulario-online-de-abertura-de-casos-perante-o-lab-ld-agora-esta-disponivel-apenas-para-usuario-titular-de-conta-de-e-mail-institucional\/\" title=\"FORMUL\u00c1RIO ONLINE DE ABERTURA DE CASOS PERANTE O LAB-LD AGORA EST\u00c1 DISPON\u00cdVEL APENAS PARA USU\u00c1RIO TITULAR DE CONTA DE E-MAIL INSTITUCIONAL\"\n\t\t\t\t   style=\"background-image: url(https:\/\/www.policiacivil.ma.gov.br\/labld\/wp-content\/uploads\/2018\/11\/labsite02.png);\"><\/a>\n\t\t\t\t\t\t\t<\/div>\n\t\t\n\t\t<h2 class=\"title\">\n\t\t\t<a href=\"https:\/\/www.policiacivil.ma.gov.br\/labld\/formulario-online-de-abertura-de-casos-perante-o-lab-ld-agora-esta-disponivel-apenas-para-usuario-titular-de-conta-de-e-mail-institucional\/\" class=\"post-title post-url\">\n\t\t\t\tFORMUL\u00c1RIO ONLINE DE ABERTURA DE CASOS PERANTE O LAB-LD AGORA EST\u00c1 DISPON\u00cdVEL&hellip;\t\t\t<\/a>\n\t\t<\/h2>\n\t\t<div class=\"post-meta\">\n\n\t\t\t<a href=\"https:\/\/www.policiacivil.ma.gov.br\/labld\/author\/natanael-silva\/\"\n\t\t   title=\"Browse Author Articles\"\n\t\t   class=\"post-author-a\">\n\t\t\t<i class=\"post-author author\">\n\t\t\t\tNatanael Nascimento da Silva\t\t\t<\/i>\n\t\t<\/a>\n\t\t\t<span class=\"time\"><time class=\"post-published updated\" datetime=\"2021-06-16T14:15:05-03:00\" title=\"quarta-feira, junho 16, 2021, 2:15 pm\">jun 16, 2021<\/time><\/span>\n\t\t<\/div>\n\t\t\t<div class=\"post-summary\">\n\t\t\t\t<!-- wp:paragraph -->O LAB-LD \u00e9 organizado pelo Decreto n\u00ba 32.605, de 24 de janeiro de 2017 e, entre suas atribui\u00e7\u00f5es, est\u00e1 a de<\/!-->&hellip;\t\t\t<\/div>\n\t\t\t<\/article>\n\t<article class=\"post-1282 type-post format-standard has-post-thumbnail  listing-item listing-item-grid listing-item-grid-1 main-term-1\">\n\n\t\t\t\t\t<div class=\"featured clearfix\">\n\t\t\t\t<div class=\"term-badges floated\"><span class=\"term-badge term-1\"><a href=\"https:\/\/www.policiacivil.ma.gov.br\/labld\/category\/noticias\/\">Not\u00edcias<\/a><\/span><\/div>\t\t\t\t<a class=\"img-holder\" href=\"https:\/\/www.policiacivil.ma.gov.br\/labld\/ministro-rejeita-hc-de-acusado-de-participar-de-desvio-de-quase-r-13-milhoes-de-contas-do-nubank\/\" title=\"Ministro rejeita HC de acusado de participar de desvio de quase R$ 13 milh\u00f5es de contas do Nubank\"\n\t\t\t\t   style=\"background-image: url(https:\/\/www.policiacivil.ma.gov.br\/labld\/wp-content\/uploads\/2021\/06\/IMAGEM-PARA-POSTAGEM-DO-SITE-357x210.jpeg);\"><\/a>\n\t\t\t\t\t\t\t<\/div>\n\t\t\n\t\t<h2 class=\"title\">\n\t\t\t<a href=\"https:\/\/www.policiacivil.ma.gov.br\/labld\/ministro-rejeita-hc-de-acusado-de-participar-de-desvio-de-quase-r-13-milhoes-de-contas-do-nubank\/\" class=\"post-title post-url\">\n\t\t\t\tMinistro rejeita HC de acusado de participar de desvio de quase R$ 13 milh\u00f5es de&hellip;\t\t\t<\/a>\n\t\t<\/h2>\n\t\t<div class=\"post-meta\">\n\n\t\t\t<a href=\"https:\/\/www.policiacivil.ma.gov.br\/labld\/author\/natanael-silva\/\"\n\t\t   title=\"Browse Author Articles\"\n\t\t   class=\"post-author-a\">\n\t\t\t<i class=\"post-author author\">\n\t\t\t\tNatanael Nascimento da Silva\t\t\t<\/i>\n\t\t<\/a>\n\t\t\t<span class=\"time\"><time class=\"post-published updated\" datetime=\"2021-06-16T11:47:50-03:00\" title=\"quarta-feira, junho 16, 2021, 11:47 am\">jun 16, 2021<\/time><\/span>\n\t\t<\/div>\n\t\t\t<div class=\"post-summary\">\n\t\t\t\t<!-- wp:paragraph -->O ministro Gilmar Mendes, do Supremo Tribunal Federal (STF), negou seguimento (julgou invi\u00e1vel) ao Habeas Corpus<\/!-->&hellip;\t\t\t<\/div>\n\t\t\t<\/article>\n\t<article class=\"post-1227 type-post format-standard has-post-thumbnail  listing-item listing-item-grid listing-item-grid-1 main-term-1\">\n\n\t\t\t\t\t<div class=\"featured clearfix\">\n\t\t\t\t<div class=\"term-badges floated\"><span class=\"term-badge term-1\"><a href=\"https:\/\/www.policiacivil.ma.gov.br\/labld\/category\/noticias\/\">Not\u00edcias<\/a><\/span><\/div>\t\t\t\t<a class=\"img-holder\" href=\"https:\/\/www.policiacivil.ma.gov.br\/labld\/operacao-ostentacao-policia-civil-do-maranhao-deflagra-operacao-voltada-ao-combate-a-cybercrimes-e-a-lavagem-de-dinheiro-em-16-cidades-de-3-estados\/\" title=\"OPERA\u00c7\u00c3O OSTENTA\u00c7\u00c3O: POL\u00cdCIA CIVIL DO MARANH\u00c3O DEFLAGRA OPERA\u00c7\u00c3O VOLTADA AO COMBATE A CYBERCRIMES E \u00c0 LAVAGEM DE DINHEIRO EM 16 CIDADES DE 3 ESTADOS\"\n\t\t\t\t   style=\"background-image: url(https:\/\/www.policiacivil.ma.gov.br\/labld\/wp-content\/uploads\/2020\/12\/OPERACAO-OSTENTACAO-II-357x210.jpeg);\"><\/a>\n\t\t\t\t\t\t\t<\/div>\n\t\t\n\t\t<h2 class=\"title\">\n\t\t\t<a href=\"https:\/\/www.policiacivil.ma.gov.br\/labld\/operacao-ostentacao-policia-civil-do-maranhao-deflagra-operacao-voltada-ao-combate-a-cybercrimes-e-a-lavagem-de-dinheiro-em-16-cidades-de-3-estados\/\" class=\"post-title post-url\">\n\t\t\t\tOPERA\u00c7\u00c3O OSTENTA\u00c7\u00c3O: POL\u00cdCIA CIVIL DO MARANH\u00c3O DEFLAGRA OPERA\u00c7\u00c3O VOLTADA AO&hellip;\t\t\t<\/a>\n\t\t<\/h2>\n\t\t<div class=\"post-meta\">\n\n\t\t\t<a href=\"https:\/\/www.policiacivil.ma.gov.br\/labld\/author\/gabriel-neves\/\"\n\t\t   title=\"Browse Author Articles\"\n\t\t   class=\"post-author-a\">\n\t\t\t<i class=\"post-author author\">\n\t\t\t\tADMINISTRADOR\t\t\t<\/i>\n\t\t<\/a>\n\t\t\t<span class=\"time\"><time class=\"post-published updated\" datetime=\"2020-12-16T18:01:38-03:00\" title=\"quarta-feira, dezembro 16, 2020, 6:01 pm\">dez 16, 2020<\/time><\/span>\n\t\t<\/div>\n\t\t\t<div class=\"post-summary\">\n\t\t\t\t<!-- wp:paragraph {\"align\":\"justify\"} -->A Pol\u00edcia Civil do Maranh\u00e3o, atrav\u00e9s do Departamento de Combate a Crimes Tecnol\u00f3gicos (DCCT) com apoio t\u00e9cnico do<\/!-->&hellip;\t\t\t<\/div>\n\t\t\t<\/article>\n\t<article class=\"post-1217 type-post format-standard has-post-thumbnail  listing-item listing-item-grid listing-item-grid-1 main-term-1\">\n\n\t\t\t\t\t<div class=\"featured clearfix\">\n\t\t\t\t<div class=\"term-badges floated\"><span class=\"term-badge term-1\"><a href=\"https:\/\/www.policiacivil.ma.gov.br\/labld\/category\/noticias\/\">Not\u00edcias<\/a><\/span><\/div>\t\t\t\t<a class=\"img-holder\" href=\"https:\/\/www.policiacivil.ma.gov.br\/labld\/centro-de-inteligencia-da-policia-civil-do-maranhao-cipc-lanca-novo-sistema-administrativo-de-gestao-de-casos-o-atena-3-0\/\" title=\"CENTRO DE INTELIG\u00caNCIA DA POL\u00cdCIA CIVIL DO MARANH\u00c3O (CIPC) LAN\u00c7A NOVO SISTEMA ADMINISTRATIVO DE GEST\u00c3O DE CASOS: O ATENA 3.0.\"\n\t\t\t\t   style=\"background-image: url(https:\/\/www.policiacivil.ma.gov.br\/labld\/wp-content\/uploads\/2020\/12\/atena-357x210.png);\"><\/a>\n\t\t\t\t\t\t\t<\/div>\n\t\t\n\t\t<h2 class=\"title\">\n\t\t\t<a href=\"https:\/\/www.policiacivil.ma.gov.br\/labld\/centro-de-inteligencia-da-policia-civil-do-maranhao-cipc-lanca-novo-sistema-administrativo-de-gestao-de-casos-o-atena-3-0\/\" class=\"post-title post-url\">\n\t\t\t\tCENTRO DE INTELIG\u00caNCIA DA POL\u00cdCIA CIVIL DO MARANH\u00c3O (CIPC) LAN\u00c7A NOVO SISTEMA&hellip;\t\t\t<\/a>\n\t\t<\/h2>\n\t\t<div class=\"post-meta\">\n\n\t\t\t<a href=\"https:\/\/www.policiacivil.ma.gov.br\/labld\/author\/gabriel-neves\/\"\n\t\t   title=\"Browse Author Articles\"\n\t\t   class=\"post-author-a\">\n\t\t\t<i class=\"post-author author\">\n\t\t\t\tADMINISTRADOR\t\t\t<\/i>\n\t\t<\/a>\n\t\t\t<span class=\"time\"><time class=\"post-published updated\" datetime=\"2020-12-15T17:15:33-03:00\" title=\"ter\u00e7a-feira, dezembro 15, 2020, 5:15 pm\">dez 15, 2020<\/time><\/span>\n\t\t<\/div>\n\t\t\t<div class=\"post-summary\">\n\t\t\t\t<!-- wp:paragraph {\"align\":\"justify\"} -->O ATENA 3.0 \u00e9 a terceira edi\u00e7\u00e3o do sistema administrativo de gest\u00e3o casos 100% desenvolvido pela Pol\u00edcia Civil do<\/!-->&hellip;\t\t\t<\/div>\n\t\t\t<\/article>\n\t<article class=\"post-1178 type-post format-standard has-post-thumbnail  listing-item listing-item-grid listing-item-grid-1 main-term-1\">\n\n\t\t\t\t\t<div class=\"featured clearfix\">\n\t\t\t\t<div class=\"term-badges floated\"><span class=\"term-badge term-1\"><a href=\"https:\/\/www.policiacivil.ma.gov.br\/labld\/category\/noticias\/\">Not\u00edcias<\/a><\/span><\/div>\t\t\t\t<a class=\"img-holder\" href=\"https:\/\/www.policiacivil.ma.gov.br\/labld\/coordenador-do-lab-ld-discorre-sobre-a-genese-formativa-do-combate-a-lavagem-de-dinheiro-que-levou-a-criacao-do-lab-ld-no-ambito-da-policia-civil-do-maranhao\/\" title=\"COORDENADOR DO LAB-LD DISCORRE SOBRE A G\u00caNESE FORMATIVA DO COMBATE \u00c0 LAVAGEM DE DINHEIRO QUE LEVOU \u00c0 CRIA\u00c7\u00c3O DO LAB-LD NO \u00c2MBITO DA POL\u00cdCIA CIVIL DO MARANH\u00c3O\"\n\t\t\t\t   style=\"background-image: url(https:\/\/www.policiacivil.ma.gov.br\/labld\/wp-content\/uploads\/2020\/09\/37.-FOTO-2-357x210.jpeg);\"><\/a>\n\t\t\t\t\t\t\t<\/div>\n\t\t\n\t\t<h2 class=\"title\">\n\t\t\t<a href=\"https:\/\/www.policiacivil.ma.gov.br\/labld\/coordenador-do-lab-ld-discorre-sobre-a-genese-formativa-do-combate-a-lavagem-de-dinheiro-que-levou-a-criacao-do-lab-ld-no-ambito-da-policia-civil-do-maranhao\/\" class=\"post-title post-url\">\n\t\t\t\tCOORDENADOR DO LAB-LD DISCORRE SOBRE A G\u00caNESE FORMATIVA DO COMBATE \u00c0 LAVAGEM DE&hellip;\t\t\t<\/a>\n\t\t<\/h2>\n\t\t<div class=\"post-meta\">\n\n\t\t\t<a href=\"https:\/\/www.policiacivil.ma.gov.br\/labld\/author\/gabriel-neves\/\"\n\t\t   title=\"Browse Author Articles\"\n\t\t   class=\"post-author-a\">\n\t\t\t<i class=\"post-author author\">\n\t\t\t\tADMINISTRADOR\t\t\t<\/i>\n\t\t<\/a>\n\t\t\t<span class=\"time\"><time class=\"post-published updated\" datetime=\"2020-09-23T08:30:28-03:00\" title=\"quarta-feira, setembro 23, 2020, 8:30 am\">set 23, 2020<\/time><\/span>\n\t\t<\/div>\n\t\t\t<div class=\"post-summary\">\n\t\t\t\tGABRIEL CARVALHO E NEVES, Delegado de Pol\u00edcia Civil do Estado do Maranh\u00e3o, Coordenador do Laborat\u00f3rio de Tecnologia&hellip;\t\t\t<\/div>\n\t\t\t<\/article>\n\t<article class=\"post-1154 type-post format-standard has-post-thumbnail  listing-item listing-item-grid listing-item-grid-1 main-term-1\">\n\n\t\t\t\t\t<div class=\"featured clearfix\">\n\t\t\t\t<div class=\"term-badges floated\"><span class=\"term-badge term-1\"><a href=\"https:\/\/www.policiacivil.ma.gov.br\/labld\/category\/noticias\/\">Not\u00edcias<\/a><\/span><\/div>\t\t\t\t<a class=\"img-holder\" href=\"https:\/\/www.policiacivil.ma.gov.br\/labld\/policias-civis-estao-fazendo-mais-investigacoes-sobre-a-lavagem-de-dinheiro\/\" title=\"POL\u00cdCIAS CIVIS EST\u00c3O FAZENDO MAIS INVESTIGA\u00c7\u00d5ES SOBRE A LAVAGEM DE DINHEIRO\"\n\t\t\t\t   style=\"background-image: url(https:\/\/www.policiacivil.ma.gov.br\/labld\/wp-content\/uploads\/2020\/06\/imagem-lavagem-357x190.jpg);\"><\/a>\n\t\t\t\t\t\t\t<\/div>\n\t\t\n\t\t<h2 class=\"title\">\n\t\t\t<a href=\"https:\/\/www.policiacivil.ma.gov.br\/labld\/policias-civis-estao-fazendo-mais-investigacoes-sobre-a-lavagem-de-dinheiro\/\" class=\"post-title post-url\">\n\t\t\t\tPOL\u00cdCIAS CIVIS EST\u00c3O FAZENDO MAIS INVESTIGA\u00c7\u00d5ES SOBRE A LAVAGEM DE DINHEIRO\t\t\t<\/a>\n\t\t<\/h2>\n\t\t<div class=\"post-meta\">\n\n\t\t\t<a href=\"https:\/\/www.policiacivil.ma.gov.br\/labld\/author\/gabriel-neves\/\"\n\t\t   title=\"Browse Author Articles\"\n\t\t   class=\"post-author-a\">\n\t\t\t<i class=\"post-author author\">\n\t\t\t\tADMINISTRADOR\t\t\t<\/i>\n\t\t<\/a>\n\t\t\t<span class=\"time\"><time class=\"post-published updated\" datetime=\"2020-06-26T09:03:02-03:00\" title=\"sexta-feira, junho 26, 2020, 9:03 am\">jun 26, 2020<\/time><\/span>\n\t\t<\/div>\n\t\t\t<div class=\"post-summary\">\n\t\t\t\tN\u00daMERO DE RELAT\u00d3RIOS DO COAF RECEBIDOS PELAS POL\u00cdCIAS CIVIS CRESCEU 50% \u201cEste aumento significa que os agentes&hellip;\t\t\t<\/div>\n\t\t\t<\/article>\n\t<article class=\"post-1135 type-post format-standard has-post-thumbnail  listing-item listing-item-grid listing-item-grid-1 main-term-1\">\n\n\t\t\t\t\t<div class=\"featured clearfix\">\n\t\t\t\t<div class=\"term-badges floated\"><span class=\"term-badge term-1\"><a href=\"https:\/\/www.policiacivil.ma.gov.br\/labld\/category\/noticias\/\">Not\u00edcias<\/a><\/span><\/div>\t\t\t\t<a class=\"img-holder\" href=\"https:\/\/www.policiacivil.ma.gov.br\/labld\/a-policia-civil-do-maranhao-no-enfrentamento-qualificado-a-criminalidade\/\" title=\"A POL\u00cdCIA CIVIL DO MARANH\u00c3O NO ENFRENTAMENTO QUALIFICADO \u00c0 CRIMINALIDADE\"\n\t\t\t\t   style=\"background-image: url(https:\/\/www.policiacivil.ma.gov.br\/labld\/wp-content\/uploads\/2020\/02\/aa-357x210.jpg);\"><\/a>\n\t\t\t\t\t\t\t<\/div>\n\t\t\n\t\t<h2 class=\"title\">\n\t\t\t<a href=\"https:\/\/www.policiacivil.ma.gov.br\/labld\/a-policia-civil-do-maranhao-no-enfrentamento-qualificado-a-criminalidade\/\" class=\"post-title post-url\">\n\t\t\t\tA POL\u00cdCIA CIVIL DO MARANH\u00c3O NO ENFRENTAMENTO QUALIFICADO \u00c0 CRIMINALIDADE\t\t\t<\/a>\n\t\t<\/h2>\n\t\t<div class=\"post-meta\">\n\n\t\t\t<a href=\"https:\/\/www.policiacivil.ma.gov.br\/labld\/author\/gabriel-neves\/\"\n\t\t   title=\"Browse Author Articles\"\n\t\t   class=\"post-author-a\">\n\t\t\t<i class=\"post-author author\">\n\t\t\t\tADMINISTRADOR\t\t\t<\/i>\n\t\t<\/a>\n\t\t\t<span class=\"time\"><time class=\"post-published updated\" datetime=\"2020-02-28T09:55:34-03:00\" title=\"sexta-feira, fevereiro 28, 2020, 9:55 am\">fev 28, 2020<\/time><\/span>\n\t\t<\/div>\n\t\t\t<div class=\"post-summary\">\n\t\t\t\tA Pol\u00edcia Civil do Maranh\u00e3o tem se desenvolvido sobremaneira nos \u00faltimos anos. Dentre as a\u00e7\u00f5es de desenvolvimento&hellip;\t\t\t<\/div>\n\t\t\t<\/article>\n\t<\/div>\n\t\t\t<\/div>\n\t\t<div class=\"bs-pagination bs-ajax-pagination more_btn main-term-1 clearfix\">\n\t\t\t<script>var bs_ajax_paginate_258567582 = '{\"query\":{\"category\":\"1\",\"tag\":\"\",\"taxonomy\":\"\",\"post_ids\":\"\",\"post_type\":\"\",\"count\":\"8\",\"order_by\":\"date\",\"order\":\"DESC\",\"time_filter\":\"\",\"offset\":\"\",\"style\":\"listing-grid-1\",\"show_excerpt\":\"1\",\"paginate\":\"more_btn\",\"pagination-show-label\":\"1\",\"columns\":\"2\"},\"type\":\"bs_listing\",\"view\":\"Publisher_Grid_Listing_1_Shortcode\",\"current_page\":1,\"ajax_url\":\"\\\/labld\\\/wp-admin\\\/admin-ajax.php\",\"columns\":\"2\",\"show_excerpt\":\"1\",\"pagination-show-label\":\"1\",\"paginate\":\"more_btn\",\"_bs_pagin_token\":\"c445d2e\"}';<\/script>\t\t\t\t<a  rel=\"next\" class=\"btn-bs-pagination\" data-id=\"258567582\"\n\t\t\t\t   title=\"Load More Posts\">\n\t\t\t<span class=\"loading\" style=\"display: none;\">\n\t\t\t\t<i class=\"fa fa-refresh fa-spin fa-fw\"><\/i>\n\t\t\t<\/span>\n\t\t\t<span class=\"loading\" style=\"display: none;\">\n\t\t\t\tLoading ...\t\t\t<\/span>\n\n\t\t\t<span class=\"loaded txt\">\n\t\t\t\tLoad More Posts\t\t\t<\/span>\n\n\t\t\t<span class=\"loaded icon\">\n\t\t\t\t<i class=\"fa fa-caret-down\" aria-hidden=\"true\"><\/i>\n\t\t\t<\/span>\n\n\t\t\t<span class=\"no-more\" style=\"display: none;\">\n\t\t\t\tNo More Posts \n\t\t\t<\/span>\n\n\t\t\t\t<\/a>\n\n\t\t\t\t<\/div>\t\t\t<\/div>\n\t\t\t[\/vc_column][vc_column width=&#8221;1\/3&#8243; el_class=&#8221;sticky-column&#8221;][vc_wp_custommenu nav_menu=&#8221;4&#8243; title=&#8221;PORTAIS&#8221;][vc_wp_custommenu nav_menu=&#8221;11&#8243; title=&#8221;LINKS \u00daTEIS&#8221;][\/vc_column][\/vc_row]<\/p>\n","protected":false},"excerpt":{"rendered":"<p>[vc_row][vc_column][\/vc_column][\/vc_row][vc_row][vc_column width=&#8221;2\/3&#8243;][rev_slider_vc alias=&#8221;ads-ssp&#8221;][\/vc_column][vc_column width=&#8221;1\/3&#8243; el_class=&#8221;sticky-column&#8221;][vc_wp_custommenu nav_menu=&#8221;4&#8243; title=&#8221;PORTAIS&#8221;][vc_wp_custommenu nav_menu=&#8221;11&#8243; title=&#8221;LINKS \u00daTEIS&#8221;][\/vc_column][\/vc_row]<\/p>\n","protected":false},"author":1,"featured_media":0,"parent":0,"menu_order":0,"comment_status":"closed","ping_status":"closed","template":"","meta":{"jetpack_post_was_ever_published":false,"footnotes":""},"yst_prominent_words":[122,153,116,147,118,135,137,114,145,149,120,143,59,56,112,151,155],"jetpack_sharing_enabled":true,"jetpack_shortlink":"https:\/\/wp.me\/P8TCZr-1f","_links":{"self":[{"href":"https:\/\/www.policiacivil.ma.gov.br\/labld\/wp-json\/wp\/v2\/pages\/77"}],"collection":[{"href":"https:\/\/www.policiacivil.ma.gov.br\/labld\/wp-json\/wp\/v2\/pages"}],"about":[{"href":"https:\/\/www.policiacivil.ma.gov.br\/labld\/wp-json\/wp\/v2\/types\/page"}],"author":[{"embeddable":true,"href":"https:\/\/www.policiacivil.ma.gov.br\/labld\/wp-json\/wp\/v2\/users\/1"}],"replies":[{"embeddable":true,"href":"https:\/\/www.policiacivil.ma.gov.br\/labld\/wp-json\/wp\/v2\/comments?post=77"}],"version-history":[{"count":13,"href":"https:\/\/www.policiacivil.ma.gov.br\/labld\/wp-json\/wp\/v2\/pages\/77\/revisions"}],"predecessor-version":[{"id":459,"href":"https:\/\/www.policiacivil.ma.gov.br\/labld\/wp-json\/wp\/v2\/pages\/77\/revisions\/459"}],"wp:attachment":[{"href":"https:\/\/www.policiacivil.ma.gov.br\/labld\/wp-json\/wp\/v2\/media?parent=77"}],"wp:term":[{"taxonomy":"yst_prominent_words","embeddable":true,"href":"https:\/\/www.policiacivil.ma.gov.br\/labld\/wp-json\/wp\/v2\/yst_prominent_words?post=77"}],"curies":[{"name":"wp","href":"https:\/\/api.w.org\/{rel}","templated":true}]}}