{"id":588,"date":"2017-08-18T11:56:33","date_gmt":"2017-08-18T14:56:33","guid":{"rendered":"http:\/\/www.policiacivil.ma.gov.br\/labld\/?page_id=588"},"modified":"2017-12-01T13:11:53","modified_gmt":"2017-12-01T16:11:53","slug":"sistema-gestor","status":"publish","type":"page","link":"https:\/\/www.policiacivil.ma.gov.br\/labld\/sistema-gestor\/","title":{"rendered":"SISGESTOR 2.0"},"content":{"rendered":"<p><strong>SISGESTOR 2.0 (SISTEMA GESTOR DE CASOS)<\/strong><\/p>\n<p style=\"text-align: justify;\">O SISGESTOR 2.0, lan\u00e7ado em novembro de 2017, consiste em um sistema interno de gest\u00e3o de casos que permite o gerenciamento \u2013 de forma inteiramente digital &#8211; de todas as solicita\u00e7\u00f5es de apoio t\u00e9cnico encaminhadas ao LAB-LD\/PCMA. Todas as informa\u00e7\u00f5es contidas no SISGESTOR 2.0 s\u00e3o administradas em ambiente fechado e seguro.<\/p>\n<p style=\"text-align: justify;\">O SISGESTOR 2.0 foi desenvolvido pelos pr\u00f3prios analistas de TI do LAB-LD\/PCMA com utiliza\u00e7\u00e3o de tecnologias livres (em PHP) e com utiliza\u00e7\u00e3o do SGBD Oracle (base do SITTEL e SIMBA).<\/p>\n<p style=\"text-align: justify;\">O SISGESTOR, na sua segunda vers\u00e3o, traz o m\u00f3dulo de gest\u00e3o estat\u00edstica dos dados, com gera\u00e7\u00e3o de gr\u00e1ficos, tabelas e relat\u00f3rios autom\u00e1ticos com indicadores estat\u00edsticos intelig\u00edveis, tornando mais confi\u00e1vel, c\u00e9lere e eficiente o assessoramento da Coordena\u00e7\u00e3o do LAB-LD e da Administra\u00e7\u00e3o Superior da Pol\u00edcia Civil no processo de tomada de decis\u00e3o administrativa relacionada \u00e0 Unidade.<\/p>\n<p><a href=\"http:\/\/www.policiacivil.ma.gov.br\/labld\/wp-content\/uploads\/2017\/11\/sis01.png\"><img loading=\"lazy\" decoding=\"async\" class=\"alignnone size-full wp-image-712\" src=\"http:\/\/www.policiacivil.ma.gov.br\/labld\/wp-content\/uploads\/2017\/11\/sis01.png\" alt=\"\" width=\"1604\" height=\"665\" srcset=\"https:\/\/www.policiacivil.ma.gov.br\/labld\/wp-content\/uploads\/2017\/11\/sis01.png 1604w, https:\/\/www.policiacivil.ma.gov.br\/labld\/wp-content\/uploads\/2017\/11\/sis01-300x124.png 300w, https:\/\/www.policiacivil.ma.gov.br\/labld\/wp-content\/uploads\/2017\/11\/sis01-768x318.png 768w, https:\/\/www.policiacivil.ma.gov.br\/labld\/wp-content\/uploads\/2017\/11\/sis01-1024x425.png 1024w\" sizes=\"(max-width: 1604px) 100vw, 1604px\" \/><\/a><\/p>\n<p><a href=\"http:\/\/www.policiacivil.ma.gov.br\/labld\/wp-content\/uploads\/2017\/11\/sis02.png\"><img loading=\"lazy\" decoding=\"async\" class=\"alignnone size-full wp-image-713\" src=\"http:\/\/www.policiacivil.ma.gov.br\/labld\/wp-content\/uploads\/2017\/11\/sis02.png\" alt=\"\" width=\"1601\" height=\"521\" srcset=\"https:\/\/www.policiacivil.ma.gov.br\/labld\/wp-content\/uploads\/2017\/11\/sis02.png 1601w, https:\/\/www.policiacivil.ma.gov.br\/labld\/wp-content\/uploads\/2017\/11\/sis02-300x98.png 300w, https:\/\/www.policiacivil.ma.gov.br\/labld\/wp-content\/uploads\/2017\/11\/sis02-768x250.png 768w, https:\/\/www.policiacivil.ma.gov.br\/labld\/wp-content\/uploads\/2017\/11\/sis02-1024x333.png 1024w\" sizes=\"(max-width: 1601px) 100vw, 1601px\" \/><\/a><\/p>\n<p style=\"text-align: justify;\">A necessidade de abertura de Caso de forma presencial dificultava o acionamento do LAB-LD\/PCMA, especialmente em rela\u00e7\u00e3o aos demandantes lotados no interior do Estado. Atualmente, com o SISGESTOR 2.0, os demandantes n\u00e3o precisam mais se deslocar at\u00e9 a sede do LAB-LD\/PCMA para abrir um Caso. A solicita\u00e7\u00e3o de abertura e o encaminhamento de documentos e dados s\u00e3o feitos de forma inteiramente digital e segura. O <a href=\"http:\/\/gestor.policiacivil.ma.gov.br\/form\/\">formul\u00e1rio digital<\/a> est\u00e1 dispon\u00edvel no site oficial do LAB-LD\/PCMA.<\/p>\n<p style=\"text-align: justify;\">Uma vez recebida a solicita\u00e7\u00e3o de abertura de Caso no LAB-LD\/PCMA, a tramita\u00e7\u00e3o do pedido segue um fluxo pr\u00f3prio, iniciando pelo despacho de aceita\u00e7\u00e3o do Caso pelo Coordenador, ap\u00f3s an\u00e1lise dos requisitos de admissibilidade, e encerrando com a confec\u00e7\u00e3o do relat\u00f3rio e difus\u00e3o ao demandante.<\/p>\n<p><a href=\"http:\/\/www.policiacivil.ma.gov.br\/labld\/wp-content\/uploads\/2017\/11\/sis03.png\"><img loading=\"lazy\" decoding=\"async\" class=\"alignnone size-full wp-image-714\" src=\"http:\/\/www.policiacivil.ma.gov.br\/labld\/wp-content\/uploads\/2017\/11\/sis03.png\" alt=\"\" width=\"1616\" height=\"792\" srcset=\"https:\/\/www.policiacivil.ma.gov.br\/labld\/wp-content\/uploads\/2017\/11\/sis03.png 1616w, https:\/\/www.policiacivil.ma.gov.br\/labld\/wp-content\/uploads\/2017\/11\/sis03-300x147.png 300w, https:\/\/www.policiacivil.ma.gov.br\/labld\/wp-content\/uploads\/2017\/11\/sis03-768x376.png 768w, https:\/\/www.policiacivil.ma.gov.br\/labld\/wp-content\/uploads\/2017\/11\/sis03-1024x502.png 1024w\" sizes=\"(max-width: 1616px) 100vw, 1616px\" \/><\/a><\/p>\n<p style=\"text-align: justify;\">A administra\u00e7\u00e3o e manuten\u00e7\u00e3o do SISGESTOR 2.0 \u00e9 feita pelos pr\u00f3prios analistas de TI do LAB-LD\/PCMA, sem que haja a necessidade de contrata\u00e7\u00e3o de m\u00e3o-de-obra terceirizada.<\/p>\n","protected":false},"excerpt":{"rendered":"<p>SISGESTOR 2.0 (SISTEMA GESTOR DE CASOS) O SISGESTOR 2.0, lan\u00e7ado em novembro de 2017, consiste em um sistema interno de gest\u00e3o de casos que permite o gerenciamento \u2013 de forma inteiramente digital &#8211; de todas as solicita\u00e7\u00f5es de apoio t\u00e9cnico encaminhadas ao LAB-LD\/PCMA. Todas as informa\u00e7\u00f5es contidas no SISGESTOR 2.0 s\u00e3o administradas em ambiente fechado [&hellip;]<\/p>\n","protected":false},"author":3,"featured_media":0,"parent":0,"menu_order":0,"comment_status":"closed","ping_status":"closed","template":"","meta":{"jetpack_post_was_ever_published":false,"footnotes":""},"yst_prominent_words":[350,353,363,219,322,367,351,213,357,344,63,365,359,346,348,340,355,369,342,361],"jetpack_sharing_enabled":true,"jetpack_shortlink":"https:\/\/wp.me\/P8TCZr-9u","_links":{"self":[{"href":"https:\/\/www.policiacivil.ma.gov.br\/labld\/wp-json\/wp\/v2\/pages\/588"}],"collection":[{"href":"https:\/\/www.policiacivil.ma.gov.br\/labld\/wp-json\/wp\/v2\/pages"}],"about":[{"href":"https:\/\/www.policiacivil.ma.gov.br\/labld\/wp-json\/wp\/v2\/types\/page"}],"author":[{"embeddable":true,"href":"https:\/\/www.policiacivil.ma.gov.br\/labld\/wp-json\/wp\/v2\/users\/3"}],"replies":[{"embeddable":true,"href":"https:\/\/www.policiacivil.ma.gov.br\/labld\/wp-json\/wp\/v2\/comments?post=588"}],"version-history":[{"count":4,"href":"https:\/\/www.policiacivil.ma.gov.br\/labld\/wp-json\/wp\/v2\/pages\/588\/revisions"}],"predecessor-version":[{"id":722,"href":"https:\/\/www.policiacivil.ma.gov.br\/labld\/wp-json\/wp\/v2\/pages\/588\/revisions\/722"}],"wp:attachment":[{"href":"https:\/\/www.policiacivil.ma.gov.br\/labld\/wp-json\/wp\/v2\/media?parent=588"}],"wp:term":[{"taxonomy":"yst_prominent_words","embeddable":true,"href":"https:\/\/www.policiacivil.ma.gov.br\/labld\/wp-json\/wp\/v2\/yst_prominent_words?post=588"}],"curies":[{"name":"wp","href":"https:\/\/api.w.org\/{rel}","templated":true}]}}